ighest common divisor of 6852 and 37599208?
2284
What is the highest common divisor of 4624 and 1376507?
289
What is the greatest common divisor of 624 and 38530180?
52
Calculate the greatest common factor of 114 and 280254.
6
What is the highest common divisor of 1581 and 7697424?
93
Calculate the highest common factor of 353211 and 1104.
69
What is the greatest common divisor of 77 and 1149351?
7
Calculate the highest common divisor of 2508 and 1969692.
228
What is the greatest common factor of 29985 and 7298349?
5997
What is the greatest common factor of 46458 and 2201274?
522
Calculate the highest common divisor of 351 and 62817.
3
What is the greatest common factor of 12855 and 840135?
15
What is the greatest common factor of 91707 and 6369?
33
Calculate the greatest common factor of 12 and 1150014.
6
Calculate the greatest common divisor of 315 and 234396225.
315
Calculate the highest common divisor of 70080 and 238215.
15
What is the highest common divisor of 1071 and 18713821?
119
What is the highest common divisor of 168316082 and 363?
121
Calculate the greatest common divisor of 486477125 and 29500.
7375
Calculate the greatest common factor of 21069312 and 342624.
4128
What is the greatest common factor of 14043315 and 90?
15
Calculate the greatest common divisor of 1196980 and 128.
4
Calculate the greatest common factor of 35009366 and 14.
14
What is the highest common divisor of 1216 and 113490192?
304
What is the greatest common factor of 567848595 and 1410?
705
Calculate the greatest common factor of 26 and 59043569.
13
What is the greatest common factor of 5378 and 52997501?
2689
Calculate the greatest common factor of 1 and 323137499.
1
What is the highest common divisor of 1394 and 8277827?
17
What is the highest common divisor of 610 and 719861?
61
What is the greatest common factor of 810 and 32685?
15
What is the highest common divisor of 10218435 and 30?
15
What is the greatest common factor of 4044626 and 44526?
362
Calculate the highest common factor of 64440431 and 1551.
517
What is the highest common divisor of 311 and 18878944?
311
What is the highest common divisor of 18070550 and 1750?
50
What is the greatest common factor of 234168 and 2764779?
2661
Calculate the greatest common factor of 469122 and 178104.
246
Calculate the greatest common factor of 1340 and 8491915.
335
What is the highest common factor of 369438 and 830776?
1838
What is the greatest common factor of 1865172 and 267?
3
What is the greatest common factor of 696285434 and 2938?
2938
What is the greatest common divisor of 302063 and 349883?
797
What is the highest common factor of 80750 and 25175?
475
Calculate the greatest common factor of 18200 and 345520.
280
What is the highest common divisor of 738 and 285663072?
246
Calculate the highest common divisor of 77510450 and 200.
50
What is the highest common factor of 10481877 and 612?
153
Calculate the highest common divisor of 87116 and 157064.
116
Calculate the greatest common factor of 456476 and 8210.
1642
What is the highest common divisor of 84 and 6588778?
14
Calculate the greatest common factor of 737 and 10853887.
11
What is the highest common divisor of 78 and 9267738?
6
What is the greatest common divisor of 11327968 and 44?
4
Calculate the highest common factor of 1825 and 9498395.
365
What is the greatest common divisor of 96314985 and 558?
279
Calculate the greatest common factor of 1433375 and 74500.
125
What is the greatest common divisor of 715 and 38297415?
65
Calculate the highest common divisor of 127955 and 1025995.
785
What is the greatest common divisor of 233496 and 1194804?
2484
What is the greatest common divisor of 13959 and 16323241?
517
Calculate the highest common divisor of 14 and 186078746.
14
What is the greatest common factor of 13555 and 270?
5
Calculate the highest common divisor of 62173131 and 1479.
51
What is the highest common divisor of 32353642 and 2?
2
What is the highest common divisor of 2456804 and 28?
28
What is the highest common divisor of 1590591362 and 1604?
802
Calculate the greatest common divisor of 5103 and 73986129.
567
Calculate the highest common factor of 4795351 and 33.
11
Calculate the highest common factor of 16 and 1871078.
2
Calculate the greatest common divisor of 928 and 45805790.
58
What is the highest common factor of 5931034 and 826?
118
Calculate the greatest common factor of 249372 and 57504.
12
Calculate the greatest common factor of 1958239 and 70847.
349
What is the highest common divisor of 292522897 and 489?
163
What is the highest common factor of 564960 and 9840?
240
What is the highest common divisor of 5137874 and 1148?
574
What is the highest common divisor of 616780 and 520?
20
What is the greatest common factor of 33465384 and 51?
51
Calculate the highest common factor of 11022767 and 56.
7
What is the highest common factor of 54130 and 132629326?
10826
What is the greatest common divisor of 29213 and 3065924?
131
Calculate the highest common factor of 629892 and 9.
9
What is the highest common factor of 70221 and 447?
3
What is the greatest common factor of 550 and 21938530?
10
Calculate the highest common factor of 716778192 and 1976.
1976
What is the highest common factor of 51 and 99743811?
51
What is the greatest common factor of 82 and 143861374?
82
Calculate the highest common factor of 2228212 and 84.
28
What is the highest common divisor of 6023 and 35014235?
317
Calculate the highest common factor of 361488210 and 744.
186
Calculate the highest common factor of 12 and 27630972.
12
Calculate the greatest common divisor of 2975784 and 938.
14
What is the greatest common divisor of 10095478 and 2?
2
Calculate the highest common factor of 20972 and 406510762.
10486
Calculate the greatest common divisor of 1246821160 and 26.
26
What is the greatest common divisor of 457066 and 239086?
346
Calculate the highest common factor of 4901091 and 14417.
13
What is the greatest common divisor of 825305476 and 4?
4
What is the greatest common divisor of 374828519 and 4264?
533
What is the highest common divisor of 2985 and 23365983?
597
Calculate the highest common factor of 8555669 and 229.
229
Calculate the highest common factor of 4128 and 251568.
48
Calculate the highest common divisor of 25636025 and 75500.
3775
What is the highest common divisor of 10822173 and 81357?
141
Calculate the highest common factor of 25 and 1663478775.
25
What is the highest common divisor of 252774134 and 3878?
554
Calculate the greatest common divisor of 705 and 7887960.
15
What is the greatest common divisor of 1799 and 1804453?
7
Calculate the highest common divisor of 87518686 and 830.
166
Calculate the highest common factor of 8 and 143378632.
8
What is the greatest common divisor of 141212 and 1098498?
1642
What is the greatest common factor of 80201019 and 51?
51
What is the highest common divisor of 9126 and 8500024?
338
Calculate the greatest common factor of 4188396 and 656.
164
What is the highest common divisor of 314144 and 9376?
32
What is the highest common factor of 11875 and 115444?
19
Calculate the highest common factor of 22 and 8079203.
11
Calculate the greatest common divisor of 1726894 and 6409.
221
Calculate the greatest common divisor of 36946660 and 2.
2
What is the greatest common divisor of 16336968 and 204?
12
What is the greatest common divisor of 39052547 and 818?
409
Calculate the greatest common divisor of 10 and 2666560.
10
Calculate the highest common factor of 4585 and 1925569.
131
What is the greatest common divisor of 3555897 and 6?
3
Calculate the highest common divisor of 3928191 and 6.
3
What is the greatest common factor of 189215 and 10620025?
2665
Calculate the greatest common factor of 50165910 and 50.
10
Calculate the greatest common divisor of 5025 and 3397101.
201
What is the greatest common factor of 18504981 and 105633?
9603
Calculate the greatest common factor of 595837 and 33.
11
Calculate the highest common divisor of 831685 and 820.
205
Calculate the greatest common factor of 1889930 and 9918.
1102
Calculate the highest common factor of 1245873 and 608771.
691
Calculate the greatest common divisor of 2532610 and 56341.
547
What is the highest common factor of 31281003 and 51?
51
Wh